6*y + 4370. Determine p(-129).
-16
Let i(n) = 6*n**2 + 4193*n - 25157. What is i(6)?
217
Let m(a) = -85*a + 223. Give m(14).
-967
Let p(w) = 686*w**2 + 12261*w + 2. Give p(-18).
1568
Let t(n) = 21*n**2 - 284*n - 7546. Determine t(27).
95
Let j(t) = -t**2 - 4501*t + 315325. Calculate j(69).
-5
Let a(n) = 2*n**2 + 1448*n + 255834. Calculate a(-306).
18
Let m(z) = -2*z**3 + 90*z**2 + 44*z + 1732. Calculate m(46).
-476
Let w(u) = 929*u - 242660. Calculate w(261).
-191
Let o(g) = 7944*g - 39841. Give o(5).
-121
Let q(t) = -4*t**2 + 5170*t - 126746. Determine q(25).
4
Let l(p) = -p**2 - 426*p - 24421. What is l(-68)?
-77
Let u(p) = 21*p**2 + 937*p + 648. Determine u(-44).
76
Let y(t) = -6*t**3 - 109*t + 339. Give y(3).
-150
Let k(a) = 2*a**2 - 121*a - 2275. What is k(-15)?
-10
Let s(r) = 4*r**2 - 2554*r - 7700. Calculate s(-3).
-2
Let a(x) = 780*x + 10195. Give a(-14).
-725
Let w(u) = -u**3 + 17*u**2 + 274*u + 11. What is w(-10)?
-29
Let u(w) = -32*w**2 - 309*w + 35. Give u(-10).
-75
Let k(d) = 155294*d + 776466. Give k(-5).
-4
Let y(f) = 23977*f + 35318115. Calculate y(-1473).
-6
Let r(a) = a**3 - 73*a**2 - 807*a + 624. Give r(83).
2533
Let x(u) = -15620*u + 1452657. What is x(93)?
-3
Let s(f) = 373*f + 20207. Give s(-55).
-308
Let i(x) = -x**3 - 106*x**2 + 454*x + 1493. Calculate i(-110).
-47
Let v(b) = 3976*b - 31528. Determine v(8).
280
Let q(z) = -25794*z - 14. Calculate q(0).
-14
Let u(m) = -26*m**2 - 154*m + 1253. Calculate u(-11).
-199
Let n(m) = 2*m**2 + 959*m + 65809. Determine n(-83).
-10
Let p(k) = -k**2 + 960*k + 23787. Give p(-24).
171
Let t(h) = -h**3 - 224*h**2 + 59989*h + 13437533. What is t(-224)?
-3
Let t(k) = -19*k**2 + 4118*k + 17914. Calculate t(221).
13
Let r(g) = 29250*g + 1784253. Give r(-61).
3
Let x(l) = 20*l**2 + 1629*l + 486. Calculate x(-78).
-4896
Let o(x) = 11*x**3 + 21*x**2 - 40*x + 18. Determine o(2).
110
Let t(j) = 6329*j**2 - 94935*j + 18. What is t(15)?
18
Let n(f) = -1263*f**2 - 8839*f + 21. What is n(-7)?
7
Let p(n) = n**3 + 970*n**2 + 45981*n - 841. Give p(-50).
109
Let h(u) = -3*u**3 + 109*u**2 - 210*u + 7. Give h(6).
2023
Let w(j) = -2*j**2 - 1282*j - 34318. Calculate w(-613).
10
Let j(g) = 6*g**3 + 38*g**2 + 173*g + 1403. Give j(-7).
-4
Let n(r) = 437*r + 40631. Give n(-93).
-10
Let o(k) = -19*k - 8630. What is o(-452)?
-42
Let l(d) = 3*d**3 - 22*d**2 - 12*d - 20. Determine l(5).
-255
Let d(w) = 3*w**2 - 348*w + 7379. What is d(88)?
-13
Let j(u) = -1254*u + 7802. Determine j(7).
-976
Let f(d) = -4*d**2 + 451*d - 2401. Give f(106).
461
Let i(p) = 22*p**2 + 1073*p + 12931. Give i(-27).
-2
Let i(x) = -48280*x + 289712. Determine i(6).
32
Let n(t) = t**2 + 44*t - 17573. What is n(111)?
-368
Let i(l) = 24684*l + 14761029. Give i(-598).
-3
Let t(w) = w**3 + 438*w**2 + 859*w - 5774. Calculate t(-436).
-106
Let r(b) = -972*b - 70630. What is r(-72)?
-646
Let f(l) = l**3 - 60*l**2 - 542*l - 893. Calculate f(-6).
-17
Let i(h) = -h**3 + 5*h**2 + 724*h - 2918. Determine i(4).
-6
Let l(t) = 2926*t**2 + 26399*t + 574. Calculate l(-9).
-11
Let k(a) = 14*a**3 + 291*a**2 + 1474*a - 363. Give k(-10).
-3
Let o(j) = -807*j**2 - 3020*j - 2809. What is o(-2)?
3
Let m(l) = -2*l**3 + 62*l**2 - 289*l + 798. What is m(26)?
44
Let f(u) = -161*u**2 - 574*u - 270. What is f(-3)?
3
Let p(c) = 25*c**3 - 2*c**2 + 67*c + 188. Calculate p(-3).
-706
Let d(v) = v**3 + 3558*v**2 - 28459*v - 19. Determine d(8).
533
Let w(t) = 30149*t + 60309. What is w(-2)?
11
Let y(d) = -7*d**2 + 163*d - 1190. Determine y(11).
-244
Let y(z) = 4*z**3 - 12*z**2 - 75*z - 202. What is y(-4)?
-350
Let b(s) = -s**2 - 775*s + 24053. Calculate b(30).
-97
Let y(w) = w**3 + 34*w**2 - 389*w - 932. Calculate y(11).
234
Let x(p) = 96*p**2 - 3449*p + 14644. Determine x(31).
-19
Let h(v) = 120*v + 845. Determine h(-18).
-1315
Let m(o) = -o**2 - 869*o - 6618. What is m(-8)?
270
Let v(n) = 1162*n - 282233. Give v(243).
133
Let z(q) = 282*q**2 - 1131*q + 2. Give z(4).
-10
Let f(n) = 688*n - 150178. What is f(218)?
-194
Let h(l) = -2*l**3 - 83*l**2 + 50*l - 111. Determine h(-42).
-447
Let t(y) = 184*y**2 + 103038*y - 1377. Give t(-560).
-257
Let q(g) = 96*g**2 - 6425*g - 13727. Give q(69).
4
Let p(d) = 2151*d + 167776. Calculate p(-78).
-2
Let i(m) = 730*m - 2538. What is i(3)?
-348
Let g(p) = 2*p**3 - 105*p**2 - 310*p + 269. What is g(55)?
-1656
Let o(y) = 2545*y + 26533. Calculate o(-10).
1083
Let s(q) = 2*q**2 + 11*q - 427. What is s(-11)?
-306
Let v(a) = -11301*a - 1321907. Calculate v(-117).
310
Let i(f) = 59730*f + 4838120. Calculate i(-81).
-10
Let g(i) = 365807*i + 365759. What is g(-1)?
-48
Let n(d) = 1254*d - 42655. Determine n(34).
-19
Let l(f) = f**3 + 104*f**2 - 99054*f + 1118. Give l(-371).
5
Let h(a) = -4503*a + 4687607. Give h(1041).
-16
Let r(n) = 123*n + 630. Give r(6).
1368
Let j(s) = -6311*s - 189292. Determine j(-30).
38
Let x(o) = 2*o**3 + 221*o**2 - 377*o - 140. What is x(2)?
6
Let s(p) = -13*p**3 - 1915*p**2 - 62618*p + 197. What is s(-49)?
1
Let c(v) = -v**3 - 20*v**2 + 34*v - 68. Give c(-22).
152
Let y(c) = -195120*c + 194888. Calculate y(1).
-232
Let f(i) = 6460*i + 452193. Give f(-70).
-7
Let h(b) = 10*b**2 - 1799*b - 10864. Give h(-6).
290
Let p(r) = -127*r**2 - 7282*r + 20287. Give p(-60).
7
Let y(q) = -5*q**2 + 319*q + 134140. Determine y(-135).
-50
Let g(a) = 14*a**3 - 188*a**2 + 72*a + 58. Calculate g(13).
-20
Let w(n) = 9*n**2 + 3819*n + 8856. Calculate w(-422).
-6
Let z(g) = 2*g**2 - 3069*g - 106713. What is z(-34)?
-55
Let j(t) = -373*t - 782. Calculate j(-3).
337
Let w(z) = -5*z**3 - 17*z**2 + 3*z - 66. Give w(-4).
-30
Let b(n) = 2708*n**2 + 10829*n - 9. Give b(-4).
3
Let g(f) = -9*f - 806. Calculate g(-87).
-23
Let y(j) = 188*j + 9984. Give y(-52).
208
Let u(t) = -9*t**3 + 6210*t**2 + 45*t - 31085. What is u(690)?
-35
Let v(u) = -2*u**2 + 83626*u - 418100. Give v(5).
-20
Let r(x) = 5*x**2 - 2767*x + 5543. Determine r(2).
29
Let b(y) = 13*y**3 - 137*y**2 + 2*y - 106. Calculate b(11).
642
Let a(m) = 23536*m - 236242. Calculate a(10).
-882
Let l(v) = -331*v + 40144. Calculate l(121).
93
Let n(b) = -120*b**2 + 356*b + 3394. Give n(7).
6
Let o(v) = 2*v**3 + 15*v**2 + 39*v + 82. Calculate o(-7).
-142
Let p(l) = -l**2 - 18*l + 862977. What is p(-938)?
17
Let t(d) = -11*d**2 + 2615*d - 4519. What is t(236)?
-35
Let v(p) = 12653*p + 265673. Determine v(-21).
-40
Let b(f) = -91*f**2 + 4820*f + 121. Determine b(53).
-38
Let h(d) = -d**3 + 158*d**2 - 4297*d + 11166. Give h(31).
6
Let m(p) = -5840*p - 3089381. What is m(-529)?
-21
Let x(o) = 2*o**3 + 85*o**2 + 490*o - 33. Calculate x(-7).
16
Let b(x) = -210*x + 4434. Determine b(14).
1494
Let f(l) = -l**3 - 936*l**2 - 5356*l + 1343. Determine f(-6).
-1
Let x(r) = -16*r**2 - 1141*r + 783. Give x(-72).
-9
Let r(o) = 1747*o + 61172. Give r(-35).
27
Let d(u) = 1467*u + 47160. Calculate d(-32).
216
Let y(m) = 418*m**2 + 8742*m + 33259. Give y(-5).
-1
Let n(d) = 17122*d + 1540980. Determine n(-90).
0
Let b(c) = -c**3 - 13*c**2 + 389*c - 2185. What is b(-29)?
-10
Let r(b) = 10*b**3 + 2769*b**2 - 220*b + 15784. What is r(-277)?
-5
Let m(o) = -o**3 + 2*o**2 - 133*o - 86. Calculate m(0).
-86
Let g(c) = 5*c**3 - 45*c**2 + 45*c - 431. Calculate g(9).
-26
Let s(z) = 5838*z + 35596. What is s(-6)?
568
Let o(u) = u**2 + 2023*u - 888105. What is o(371)?
69
Let a(k) = -15*k**3 + 1214*k**2 + 116*k - 2851. Calculate a(81).
-16
Let m(n) = n**3 + 113*n**2 - 17*n - 14283. Calculate m(-112).
165
Let w(f) = 2*f**3 + 81*f**2 - 976*f - 354. What is w(10)?
-14
Let s(g) = 7*g**2 - 3243*g + 227124. Determine s(86).
-2
Let v(b) = 8419*b - 42089. What is v(5)?
6
Let n(g) = -g**2 - 346*g - 27339. Determine n(-224).
-11
Let c(l) = -4*l**2 + 1008*l - 4017. Calculate c(4).
-49
Let z(p) = -65*p - 6766. What is z(-142)?
2464
Let r(y) = 25933*y - 544688. Calculate r(21).
-95
Let c(y) = -2*y**3 - 59*y**2 - 303*y + 112. Give c(-7).
28
Let z(w) = 9525*w**3 - 1343027*w**2 + 282*w + 8. Give z(141).
8
Let k(m) = -49*m + 6303. What is k(117)?
570
Let l(p) = 59*p**3 + 148*p**2 - 8*p + 4. Calculate l(-4).
-1372
Let t(x) = 906886*x + 3627543. What is t(-4)?
-1
Let w(s) = -39*s**2 - 1470*s + 81. Give w(-38).
-375
Let s(w) = -w**2 - 13897*w - 595778. Give s(-43).
-56
Let y(o) = 2*o**2 - 169*o - 758. Give y(100).
2342
Let t(j) = -2*j**3 + 492*j**2 -